{"id":83,"date":"2018-05-15T10:14:34","date_gmt":"2018-05-15T08:14:34","guid":{"rendered":"http:\/\/blog.jose-marcio.org\/blog\/?page_id=83"},"modified":"2020-11-22T17:10:12","modified_gmt":"2020-11-22T16:10:12","slug":"a-propos","status":"publish","type":"page","link":"https:\/\/blog.jose-marcio.org\/blog\/a-propos\/","title":{"rendered":"A propos&#8230;"},"content":{"rendered":"<h3 style=\"text-align: justify;\">Pourquoi un blog ?<\/h3>\n<p style=\"text-align: justify;\">Et bien&#8230; parfois, lorsque je prends connaissance de quelque chose qui se passe, j&rsquo;ai envie de m&rsquo;exprimer. De faire sortir ce qui me vient \u00e0 la t\u00eate. Parfois c&rsquo;est un coup de gueule, parfois c&rsquo;est une pens\u00e9e douce.<\/p>\n<p style=\"text-align: justify;\">Parfois, c&rsquo;est l&rsquo;\u00e9v\u00e8nement lui m\u00eame qui m&rsquo;int\u00e9resse et parfois c&rsquo;est plut\u00f4t l&rsquo;attitude des gens : des attitudes int\u00e9ressantes ou incompatibles, par manque ou par exc\u00e8s, face \u00e0 ce qui se passe. Parfois, une analyse ou une opinion\u00a0 sur un sujet.<\/p>\n<h3>Qui suis-je ?<\/h3>\n<p align=\"justify\">\u00a0Je suis un gars qui s&rsquo;int\u00e9resse \u00e0 tout ou presque tout.<\/p>\n<p align=\"justify\">N\u00e9 au Br\u00e9sil, je vis en France depuis plus de 30 ans.<\/p>\n<p align=\"justify\">Au boulot, les sujets scientifiques divers et vari\u00e9s : \u00e0 partir du moment o\u00f9 l&rsquo;on peut faire un peu de maths avec, \u00e7a m&rsquo;int\u00e9resse. J&rsquo;ai commenc\u00e9 ma carri\u00e8re professionnelle avec un dipl\u00f4me d&rsquo;ing\u00e9nieur puis, apr\u00e8s un \u00ab\u00a0certain\u00a0\u00bb temps, j&rsquo;ai soutenu une th\u00e8se de doctorat en math appliqu\u00e9e (<em>machine learning<\/em> appliqu\u00e9e \u00e0 la s\u00e9curit\u00e9 informatique).<\/p>\n<p align=\"justify\">De l&rsquo;autre c\u00f4t\u00e9, pas professionnel, tout ce qui peut avoir un lien, de pr\u00e8s ou de loin avec l&rsquo; \u00ab\u00a0humain\u00a0\u00bb: sociologie, anthropologie, philosophie, arts, &#8230;<\/p>\n<p align=\"justify\">La politique ne m&rsquo;int\u00e9resse pas vraiment comme sujet. Par contre, les personnages politiques (personnages ou personnalit\u00e9s ???), \u00e7a oui : leurs comportements, leurs coh\u00e9rences et incoh\u00e9rences, leurs id\u00e9es (ou id\u00e9ologies), &#8230;<\/p>\n<p style=\"text-align: justify;\"><span lang=\"fr-FR\">J&rsquo;ai une autre activit\u00e9 personnelle : la photographie. Je ne fais pas de la photo pour la photo. Pour moi, un appareil photo est juste un outil d&rsquo;observation. \u00c7a permet d&rsquo;enregistrer des images : des situations, des gens, des moments qui m&rsquo;\u00e9tonnent ou qui m&rsquo;\u00e9merveillent. Vous pouvez voir un \u00e9chantillon de cette activit\u00e9 sur mon site web<\/span> : <a href=\"http:\/\/photo.jose-marcio.org\">http:\/\/photo.jose-marcio.org.<\/a><\/p>\n<p>&nbsp;<\/p>\n","protected":false},"excerpt":{"rendered":"<p>Pourquoi un blog ? Et bien&#8230; parfois, lorsque je prends connaissance de quelque chose qui se passe, j&rsquo;ai envie de m&rsquo;exprimer. De faire sortir ce qui me vient \u00e0 la t\u00eate. Parfois c&rsquo;est un coup de gueule, parfois c&rsquo;est une<\/p>\n","protected":false},"author":1,"featured_media":0,"parent":0,"menu_order":0,"comment_status":"closed","ping_status":"closed","template":"","meta":{"footnotes":""},"class_list":["post-83","page","type-page","status-publish","hentry","comments-off"],"_links":{"self":[{"href":"https:\/\/blog.jose-marcio.org\/blog\/wp-json\/wp\/v2\/pages\/83","targetHints":{"allow":["GET"]}}],"collection":[{"href":"https:\/\/blog.jose-marcio.org\/blog\/wp-json\/wp\/v2\/pages"}],"about":[{"href":"https:\/\/blog.jose-marcio.org\/blog\/wp-json\/wp\/v2\/types\/page"}],"author":[{"embeddable":true,"href":"https:\/\/blog.jose-marcio.org\/blog\/wp-json\/wp\/v2\/users\/1"}],"replies":[{"embeddable":true,"href":"https:\/\/blog.jose-marcio.org\/blog\/wp-json\/wp\/v2\/comments?post=83"}],"version-history":[{"count":0,"href":"https:\/\/blog.jose-marcio.org\/blog\/wp-json\/wp\/v2\/pages\/83\/revisions"}],"wp:attachment":[{"href":"https:\/\/blog.jose-marcio.org\/blog\/wp-json\/wp\/v2\/media?parent=83"}],"curies":[{"name":"wp","href":"https:\/\/api.w.org\/{rel}","templated":true}]}}